e first derivative of n**5/60 - n**3/3 - 15*n**2/2 - 23. Let q(u) be the second derivative of v(u). Calculate q(2).
2
Let r(a) = -a**2 + 5*a - 6. Let g(x) = -1 + 11*x - 17*x + 2*x**2 + 17*x. Let k be g(-6). Calculate r(k).
-6
Let c = -3 - -8. Let t(j) be the second derivative of j**4/12 - 7*j**3/6 + 3*j**2 - j - 22. What is t(c)?
-4
Let m(i) = 3*i - 122 + 59 + 57 + i**2. Determine m(-4).
-2
Suppose -3*f = -3*v + 4*v - 79, -4*f = -v - 103. Suppose a - 15 = -2*a, -a + f = 3*z. Let j(k) = -k**2 + 8*k + 1. What is j(z)?
8
Let z = 6 + -6. Suppose 2*b + 24 = 5*i, -4*i - 4*b + 9*b + 9 = 0. Let o = i + z. Let c(h) = h**2 - 7*h + 9. Give c(o).
3
Let b(h) = -36*h**2 + 103*h**2 - 34*h**2 - 23*h + 21*h + 4 - 34*h**2. Suppose 0 = -4*q + 6*q + 10. What is b(q)?
-11
Let m(i) = i - 2. Suppose -2*x - 4*u - 24 = -4*x, 0 = -2*x + 3*u + 19. Let o(w) = -25 + w - x*w - 3*w + 28. Let z be o(2). Calculate m(z).
-7
Suppose 2*z - n = -20, 0 = -2*z - n - 20. Let m(s) = s**2 + 10*s + 2. Give m(z).
2
Let m(r) = -2 - 34*r - 39*r + 79*r. Calculate m(2).
10
Let k(x) = x + 21. Let l be k(4). Let g(f) = -22*f**2 + 2 + 48*f**2 - l*f**2 - 4*f + 0. Calculate g(2).
-2
Let t(d) be the second derivative of -d**5/20 - 3*d**4/2 - 8*d**3/3 + 17*d**2/2 + 228*d + 1. Calculate t(-17).
0
Let p(m) = m**3 + 5*m**2 + m - 5. Let r(f) = -3*f - 16. Let o be r(-6). Suppose o*c - 78 = 5*c. Let s = 22 + c. What is p(s)?
7
Let h = -4 - -9. Suppose -7*k - 6 = -h*k. Let z(v) = -3*v - 4. What is z(k)?
5
Let k(l) = l**3 + 13*l**2 + 13*l + 9. Suppose -36*o + 40*o = -48. Determine k(o).
-3
Let z(t) = -t**2 - 5*t - 7. Suppose -3*g = -2*g - 8. Let f be (-43)/g - 9/(-24). Determine z(f).
-7
Let t(x) = x**3 + 11*x**2 - 13*x - 18. Let w be (-9)/(-24) + (-4221)/56. Let m = 63 + w. Give t(m).
-6
Let m(h) = -2*h**3 - 10*h**2 - 12*h + 1. Let u be m(-3). Let j(y) = -2*y - 3. Let f(o) be the first derivative of -o + 1. Let c(d) = u*j(d) - 6*f(d). Give c(4).
-5
Let z(b) = -9*b + 3. Suppose -5*s + 84 = 23*s. What is z(s)?
-24
Let q(i) = i**2 - 2*i + 3. Let m = -2 + 17. Suppose 2*r = -5*n - 10, 4*r + m = -n + r. Let o = n + 2. Give q(o).
3
Let i(k) = -8*k**2 - k - 1. Suppose 4 = -4*w - 12. Let p be (-15)/(-27)*-3 + w/(-6). Give i(p).
-8
Let m be (33 - 35)*((-3)/(-6) - 0). Let l(c) = -15*c - 9. Give l(m).
6
Let d be (-3395)/(-28) - (27/12 + -2). Let a(h) = -h**2 - 65 + 6*h + d - 63. Let r(p) = p**3 - 8*p**2 + 8*p - 1. Let s be r(7). Determine a(s).
-7
Let j(i) be the first derivative of 2*i**3/3 - i**2 + 4*i + 6. Let p(l) = 1. Let z(x) = j(x) - 5*p(x). What is z(-1)?
3
Suppose 0 = -48*o - 166 + 70. Let i(m) = 2*m**3 + 5*m**2 + 5*m. What is i(o)?
-6
Let y(i) = -2*i - 6. Let d = -98 - -92. Calculate y(d).
6
Let x(j) = -6*j**2 - 15*j + 12. Let g(b) = 7*b**2 + 15*b - 14. Let m(l) = 5*g(l) + 6*x(l). Calculate m(-15).
2
Let c(f) = -9*f + 6*f**2 + f**3 + 355 + 353 + 347 - 1059. What is c(-7)?
10
Let b(o) be the second derivative of o**5/20 + o**4/2 + 5*o**3/6 - o**2 - 86*o. Let p(f) = -10*f**3 + f**2 - f. Let r be p(1). Let d = -15 - r. Calculate b(d).
-2
Let c(q) = -2*q + 17. Suppose -30*n + 34*n - 28 = 0. What is c(n)?
3
Let m(l) = 2*l**2 + 30*l - 40. Let u be m(-16). Let r(x) = x**3 + 8*x**2 - 2*x - 10. Give r(u).
6
Suppose 0 = -p - 2*l + 3, 2*l = p - 4*p + 9. Let z(w) = 6*w**3 - 5*w**p - 4 + 8*w - 6*w**2 - w. Determine z(4).
-8
Let p(x) = -x**2 + x + 4. Let y be 24/7 + ((-135)/21 - -7). Determine p(y).
-8
Suppose 2*k - 5 = 5*y, -2*y - 3*k - 3 = -4*k. Let l(f) = f**2 - f - 1. Let d(g) = -12*g**3 - 5*g**2 + 5*g + 4. Let p(v) = y*d(v) + 5*l(v). What is p(-1)?
11
Suppose 0 = -8*p + 3*p + 10, -4*p + 20 = 3*y. Suppose y*i = 2*i + 4. Let c(k) = -4*k - 2*k**i - 2 + 0*k + 4*k**2 - 3*k**2. What is c(-5)?
-7
Let g(c) be the second derivative of c**4/12 + c**3/3 - 5*c**2/2 - 8*c - 34. Suppose 2*j - 4 = -t - 11, -25 = 4*t + 5*j. What is g(t)?
10
Suppose -5*w + 43 = -2*q, 5*q - w - 4*w = -100. Let m be (-12 - -8 - 19) + -3. Let y = m - q. Let r(v) = -v**2 - 5*v + 10. Give r(y).
-4
Let u(o) = o**3 + 3*o**2 - 8*o. Let x = 15 + -24. Let s = -7 - x. Let y(m) = -5*m**3 - 14*m**2 + 41*m + 1. Let g(l) = s*y(l) + 11*u(l). Determine g(-6).
2
Let t(l) = 150*l - 10 - 149*l - 2 - 4. What is t(13)?
-3
Suppose 3*k - 14 - 1 = 0. Suppose k*s + w = -24, -s + w = -0*s. Let t(r) = -6*r - 8. Let f(g) = 7*g + 9. Let c(u) = s*f(u) - 5*t(u). Calculate c(3).
10
Let q be ((-7)/(-7 - -14))/1. Let n(a) = 1. Let o(p) = -2*p - 5. Let r(l) = 6*n(l) + o(l). Determine r(q).
3
Suppose 0*w = -5*w. Suppose 5*j - 3*t + 2 = w, 3*t - 2*t = -j + 6. Let n(h) = -9 - h**3 + 6 + 5*h + h**j + 0*h**2 + h**2. What is n(3)?
3
Let j(x) = 3*x**2 + 2*x - 1. Let h be j(1). Suppose 3*s = -h - 2. Let k(f) = f**3 - f + 2. Determine k(s).
-4
Let f(n) be the second derivative of -4/3*n**3 + 1/12*n**4 + 3*n**2 + 0 - 26*n. Calculate f(7).
-1
Let x be (10/(-5))/(6/9). Let k(d) = -d**2 + d + 9. Calculate k(x).
-3
Let o(u) = 2*u**2 - 3*u - 4. Let b be 2/(18/(-497)) - (-10)/45. Let j = b - -58. Determine o(j).
5
Let o(r) = -r - 2. Let l(i) = i**2 + 11*i + 6. Let h be l(-6). Let d be h/(-32) + (-6)/8. Suppose -c - 5*s + 2 + 3 = d, 0 = 2*s - 4. Determine o(c).
3
Let w(g) = g**3 + 4*g**2 - 3*g - 5. Suppose 0 = -5*t + b + 18, -2*t - 2*b = -b - 3. Suppose -3*o = -15, -3*d - o + t - 13 = 0. Calculate w(d).
-15
Let o(s) = 2*s + 34. Let i be o(-16). Let c(t) = -t + 4*t - 6*t**i + 3*t**2. What is c(2)?
-6
Let h(q) = 3*q - 14. Let s(a) = -2*a + 11. Let v(y) = 3*h(y) + 4*s(y). What is v(-5)?
-3
Let m(u) be the first derivative of -u**3/3 - 9*u**2/2 + 13*u + 4. Let v be m(-10). Let z be (v - 0)*(-2)/(-6). Let r(t) = 9*t**2 - t. Determine r(z).
8
Let q(d) = 5*d**3 - 6*d**2 + 15*d - 4. Let j be 0 + 6 + (10 - 5). Let i(n) = -n**3 + n**2 - 3*n + 1. Let o(z) = j*i(z) + 2*q(z). Determine o(-3).
30
Let r(d) be the second derivative of -d**3/2 + d**2/2 - 21*d. Calculate r(1).
-2
Let o(h) = -h**3 + 4*h**2 - h - 1. Let b be o(4). Let l(u) be the first derivative of u**4/4 + 5*u**3/3 - u**2 - 5*u - 53. What is l(b)?
5
Let m(f) = 5 + 7*f**2 + 4 - 148*f**3 + 76*f**3 + 71*f**3. What is m(7)?
9
Let c(t) = 11*t + 15. Suppose 2*z + 3 = -7. Let n(k) = -6*k - 8. Let w(r) = z*n(r) - 3*c(r). Determine w(-4).
7
Let q(r) be the first derivative of 5*r**3/3 + 1. Let d be q(1). Let f(g) = 3*g + 12. Let h(u) = u + 6. Let z(b) = 3*f(b) - 7*h(b). Give z(d).
4
Let i = -53/5 + 164/15. Let r(x) be the first derivative of -1/4*x**4 + 2 - x**2 - i*x**3 - x. What is r(-1)?
1
Let t(b) be the second derivative of -19*b - 11/12*b**4 + 5/2*b**2 + 1/20*b**5 + 5/3*b**3 + 0. Calculate t(10).
5
Let t(i) be the first derivative of i**6/60 + i**5/60 - i**4/24 - i**3/6 + 7*i**2 + 9. Let d(m) be the second derivative of t(m). What is d(-1)?
-1
Let u be (1/3)/(2/66). Let x(w) be the first derivative of -w**4/4 + 11*w**3/3 + w**2/2 - 4*w + 366. Give x(u).
7
Let h(n) = -n**3 - 2*n**2 - 4*n - 1. Let k(w) = w**3 - 6*w**2 - 27*w + 159. Let d be k(6). Calculate h(d).
20
Suppose 0 = 5*q - 13*q + 40. Suppose 5*x - x + 18 = -i, -q*x - 27 = 2*i. Let p(m) = m**3 + 6*m**2 + m - 1. Give p(i).
-7
Suppose 2*i - 55 = -3*i - 5*w, 2*w - 1 = i. Let r(o) = -4*o**2 + 3*o + 5. Let j(h) = -h**2 + h + 2. Let n(g) = i*j(g) - 2*r(g). Give n(0).
4
Let z(m) be the second derivative of -m**4/12 - 3*m**3/2 - 11*m**2 + 110*m. Calculate z(-6).
-4
Suppose 8*h - 3*h = 30. Suppose 3*p + 9 = h*p. Let a(r) = 728*r + 0*r**2 + r**2 - 732*r. Give a(p).
-3
Let o(w) be the first derivative of w**2/2 + 15*w + 2. What is o(0)?
15
Let o(n) = -5*n**2 - 14*n - 26. Let t(s) = s**2 + 3*s + 5. Let v(r) = 2*o(r) + 11*t(r). Let g(u) = u**3 + 10*u**2 + 19*u + 20. Let d be g(-8). Give v(d).
-1
Let o be 1/(-3) + (-10)/(-3). Suppose -o*v = -v - 8. Let x(y) be the third derivative of -y**4/24 + 2*y**3/3 - 234*y**2. Determine x(v).
0
Let k(g) = -7 - g**2 - 3 + 1. Let l be (8/10)/((-2)/5). Let r be (2 + -1 - l) + -3. What is k(r)?
-9
Let c(x) = x**2 + 6*x - 4. Let t(k) = -6*k**3 - k**2 + k - 1. Let n be t(1). Let p be n + (-6)/4*(-40)/30. What is c(p)?
-9
Let j(d) = -d + 29. Let h be j(25). Let w(l) = -3*l**2 + 3*l - 7. Give w(h).
-43
Let a(c) = 2*c**3 - 94*c**2 - 198*c + 105. Let y be a(49). Let h(t) = 0 - t + 8 + 0*t. Determine h(y).
1
Let p(o) = -o**3 + o**2 - 22*o - 4. Let q(s) = -s**2 + 3*s + 1. Let b(z